+ -2?
125
In base 6, what is -22 + -25?
-51
In base 14, what is -4 + 89?
85
In base 2, what is 10101101011 + 100?
10101101111
In base 4, what is -110 - 12?
-122
In base 16, what is -2ec - -3?
-2e9
In base 14, what is -c85 - 2?
-c87
In base 4, what is -203021 + 2?
-203013
In base 9, what is 755 + -3?
752
In base 13, what is 11b - -2?
120
In base 6, what is 1 + -143?
-142
In base 16, what is -e - -4d?
3f
In base 4, what is -11 - -103112?
103101
In base 9, what is -8 - 1043?
-1052
In base 2, what is 1111 + -100?
1011
In base 13, what is 3 - 864?
-861
In base 2, what is 10 + -1111111?
-1111101
In base 7, what is 121 + -4?
114
In base 3, what is 2212 - -22?
10011
In base 14, what is -3 + -a1?
-a4
In base 10, what is 396 + -3?
393
In base 15, what is 1b17 + 1?
1b18
In base 3, what is -11 - 1100211?
-1100222
In base 10, what is -2 - -47?
45
In base 10, what is 1 + 83?
84
In base 8, what is -27 - -57?
30
In base 6, what is -34 - 10?
-44
In base 11, what is 591 + 0?
591
In base 14, what is 3 + -46?
-43
In base 7, what is 5 - 413?
-405
In base 16, what is -2 + -1334?
-1336
In base 3, what is 1211201 + 10?
1211211
In base 5, what is -2042 - 3?
-2100
In base 8, what is 106 - -2?
110
In base 15, what is 1d - -76?
94
In base 12, what is -1 + 5a3?
5a2
In base 8, what is 5 + -50?
-43
In base 12, what is 3 + 8?
b
In base 7, what is 22 + -10?
12
In base 3, what is 2000 - -11020?
20020
In base 3, what is -110210 - -10?
-110200
In base 2, what is 11 + -1?
10
In base 13, what is 1cc0 + -3?
1cba
In base 9, what is -125 - -13?
-112
In base 12, what is 134 + 3?
137
In base 3, what is 10 - 222?
-212
In base 9, what is 1887 - -2?
2000
In base 10, what is 2 - 63?
-61
In base 4, what is 202 + -2?
200
In base 2, what is -110 + -100010110?
-100011100
In base 16, what is -3d1 + 2?
-3cf
In base 8, what is 466 + -4?
462
In base 2, what is -100 + 100010?
11110
In base 15, what is -1e - -c?
-12
In base 10, what is -612 - 1?
-613
In base 10, what is 162 + -4?
158
In base 5, what is -4 + 140?
131
In base 14, what is 3 - -73?
76
In base 2, what is 0 - 10100000000?
-10100000000
In base 2, what is 101 + 1000?
1101
In base 6, what is 5 + -102?
-53
In base 4, what is 20111 + -11?
20100
In base 15, what is -5 + -57?
-5c
In base 8, what is -3 + 107?
104
In base 7, what is 1415 - 2?
1413
In base 10, what is -553 - -5?
-548
In base 6, what is 13 - -42?
55
In base 2, what is -1110000000010 - 0?
-1110000000010
In base 9, what is -1 + 16?
15
In base 13, what is 2 - 2905?
-2903
In base 4, what is 13 + -130?
-111
In base 10, what is 63 - -2?
65
In base 5, what is -40214 + 3?
-40211
In base 13, what is -5 - 66c?
-674
In base 8, what is -2772 + 4?
-2766
In base 4, what is -131212 + 0?
-131212
In base 7, what is 3 - 20315?
-20312
In base 11, what is 28 + 6?
33
In base 12, what is 258 - 5?
253
In base 4, what is 13023 + -303?
12120
In base 8, what is -3743 + 13?
-3730
In base 7, what is 0 - 614?
-614
In base 8, what is -203 - 211?
-414
In base 3, what is 1201 + -221?
210
In base 9, what is -10 + -1030?
-1040
In base 10, what is 0 + 179?
179
In base 8, what is 0 - 2256?
-2256
In base 16, what is -7 + -1bd?
-1c4
In base 4, what is -3 - -30?
21
In base 11, what is 371 - 0?
371
In base 12, what is 111 - -3?
114
In base 8, what is -213 - 36?
-251
In base 4, what is 3 + 1233?
1302
In base 4, what is 2230 - 20?
2210
In base 4, what is -32120 - 32?
-32212
In base 10, what is -1 - 1892?
-1893
In base 12, what is 0 - 184?
-184
In base 13, what is -5 + -86a?
-872
In base 10, what is -20 - -5?
-15
In base 15, what is 78 + 1?
79
In base 4, what is -2003 - 2?
-2011
In base 16, what is 141 - -1?
142
In base 8, what is 70 - -6?
76
In base 8, what is 7 - -41?
50
In base 2, what is -101011000 + 10101?
-101000011
In base 11, what is -53 - -14?
-3a
In base 10, what is -19 - -155?
136
In base 5, what is 31223 - 11?
31212
In base 15, what is -299 - -3?
-296
In base 3, what is 11101 - 10210?
121
In base 3, what is 0 - 1122221?
-1122221
In base 3, what is -20020 - -1010?
-12010
In base 15, what is 3 + cce?
cd2
In base 15, what is 28c - 3?
289
In base 14, what is 48 + 17?
61
In base 9, what is -4 + 5?
1
In base 15, what is 150e + 3?
1512
In base 5, what is -3 + -131?
-134
In base 5, what is 3120 + -4?
3111
In base 10, what is 9 - 2?
7
In base 11, what is 41 - -79?
10a
In base 7, what is 4 - -1520?
1524
In base 5, what is 1 - 32434?
-32433
In base 14, what is -6b + -39?
-a6
In base 9, what is -31 - -18?
-12
In base 2, what is 1001 + -100101?
-11100
In base 12, what is -1 - 187?
-188
In base 7, what is -10424 + 0?
-10424
In base 11, what is -4 + 343?
33a
In base 15, what is 4 + -854?
-850
In base 15, what is -e4 - 0?
-e4
In base 15, what is -8 - -96?
8d
In base 11, what is -17 - -4?
-13
In base 13, what is -4 + 45?
41
In base 11, what is 42 - -29?
70
In base 9, what is -253 - -2?
-251
In base 12, what is -99 - -1?
-98
In base 16, what is -5 + -25?
-2a
In base 2, what is -100 - -110110111?
110110011
In base 15, what is -137 - 10?
-147
In base 9, what is 714 + 5?
720
In base 3, what is -2102121 + 11?
-2102110
In base 7, what is 6 + 100?
106
In base 15, what is 2a + -5?
25
In base 14, what is -1280 - 3?
-1283
In base 16, what is 45 - -2?
47
In base 6, what is 14334 - -2?
14340
In base 11, what is -399 - 3?
-3a1
In base 14, what is -6c41 - 5?
-6c46
In base 8, what is 5 - 104?
-77
In base 5, what is -31 - -21?
-10
In base 9, what is -17 + 26?
8
In base 5, what is 21 - 434?
-413
In base 10, what is 11750 + -2?
11748
In base 6, what is 21 + 1020?
1041
In base 4, what is -11 - -1231?
1220
In base 5, what is -2244 + -1?
-2300
In base 5, what is 0 + -1243?
-1243
In base 8, what is 5 - -744?
751
In base 5, what is 0 - 423?
-423
In base 14, what is 0 - -34?
34
In base 2, what is 10000010 - 100110?
1011100
In base 12, what is -2 - 957?
-959
In base 14, what is -5 - -91?
8a
In base 4, what is 32301 + -3?
32232
In base 9, what is -3 - 188?
-202
In base 9, what is -142 + -5?
-147
In base 9, what is 1458 - 0?
1458
In base 8, what is -1 + -73?
-74
In base 15, what is -4 - 507?
-50b
In base 8, what is -1370 + -3?
-1373
In base 4, what is 3303 + -10?
3233
In base 3, what is 121 - -21?
212
In base 3, what is 10 + -100110?
-100100
In base 6, what is -4 - -4512?
4504
In base 6, what is 15302 + 4?
15310
In base 4, what is -232133 - -1?
-232132
In base 10, what is -1658 + -13?
-1671
In base 5, what is -1114 + 113?
-1001
In base 2, what is -1000101 - 1001101?
-10010010
In base 12, what is -19 + 0?
-19
In base 3, what is 2210 + -122?
2011
In base 12, what is -1 + -12?
-13
In base 9, what is -1883 + 0?
-1883
In base 10, what is 5851 + 0?
5851
In base 4, what is -100023 - -1?
-100022
In base 13, what is -2 + -224?
-226
In base 13, what is 1 - -5b?
5c
In base 15, what is -2 - -22?
20
In base 12, what is 5 + -1b28?
-1b23
In base 4, what is 11 + 2001?
2012
In base 5, what is -22220 - -10?
-22210
In base 10, what is 148 + -8?
140
In base 13, what is -11a - -5?
-115
In base 2, what is 11 - -100001?
100100
In base 2, what is 100010010 - 1100?
100000110
In base 4, what is -1 + -20?
-21
In base 10, what is 48 + -6?
42
In base 8, what is -4 + 1403?
1377
In base 12, what is 2 - 12?
-10
In base 15, what is 2 - ae?
-ac
In base 5, what is 11101 + 0?
11101
In base 11, what is -1 + a7a?
a79
In base 6, what is 42340 - 1?
42335
In base 3, what is -20111 - -10?
-20101
In base 11, what is 7 - 5?
2
In base 6, what is -1 - -5312?
5311
In base 3, what is 11 - -1221?
2002
In base 15, what is -26 + 13?
-13
In base 9, what is 47 + 1?
48
In base 3, what is 10 - -2011221?
2012001
In base 3, what is -12021 - -112?
-11202
In base 6, what is 0 + 354?
354
In base 15, what is 5 + 2c?
32
In base 12, what is 3b + 5?
44
In base 4, what is 133 - 1110?
-311
In base 9, what is 3 - 47?
-44
In base 14, what is 0 + -c3?
-c3
In base 8, what is 1 - -303?
304
In base 2, what is -100 + 10100?
10000
In base 2, what is -1011 - 10101100?
-10110111
In base 3, what is 22221011 + -2?
22221002
In base 6, what is -104 - -13?
-51
In base 14, what is -3 - 178c?
-1791
In base 10, what is 1 + -11?
-10
In base 4, what is -13102 - 1?
-13103
In base 4, what is -1210133 - -3?
-1210130
In base 4, what is 11 - -1101?
1112
In base 13, what is 1b1 + -2?
1ac
In base 12, what is 4 - 9b?
-97
In base 2, what is 111